{"id":22,"date":"2025-04-09T14:13:15","date_gmt":"2025-04-09T12:13:15","guid":{"rendered":"https:\/\/lesecoleslibresdelaparoissesaintvincent.be\/?page_id=22"},"modified":"2025-04-09T15:34:27","modified_gmt":"2025-04-09T13:34:27","slug":"notre-dame-de-lourdes","status":"publish","type":"page","link":"https:\/\/lesecoleslibresdelaparoissesaintvincent.be\/index.php\/notre-dame-de-lourdes\/","title":{"rendered":"Notre-Dame de Lourdes"},"content":{"rendered":"<p><img decoding=\"async\" class=\" wp-image-18 alignright\" src=\"http:\/\/lesecoleslibresdelaparoissesaintvincent.be\/wp-content\/uploads\/2025\/01\/Logo-NDL-e1744196357725-300x300.jpeg\" alt=\"\" width=\"200\" height=\"200\" srcset=\"https:\/\/lesecoleslibresdelaparoissesaintvincent.be\/wp-content\/uploads\/2025\/01\/Logo-NDL-e1744196357725-300x300.jpeg 300w, https:\/\/lesecoleslibresdelaparoissesaintvincent.be\/wp-content\/uploads\/2025\/01\/Logo-NDL-e1744196357725-150x150.jpeg 150w, https:\/\/lesecoleslibresdelaparoissesaintvincent.be\/wp-content\/uploads\/2025\/01\/elementor\/thumbs\/Logo-NDL-e1744196357725-150x150.jpeg 600w, https:\/\/lesecoleslibresdelaparoissesaintvincent.be\/wp-content\/uploads\/2025\/01\/elementor\/thumbs\/Logo-NDL-e1744196357725-150x150.jpeg 1000w, https:\/\/lesecoleslibresdelaparoissesaintvincent.be\/wp-content\/uploads\/2025\/01\/Logo-NDL-e1744196357725.jpeg 440w\" sizes=\"(max-width: 200px) 100vw, 200px\" \/><a href=\"https:\/\/lesecoleslibresdelaparoissesaintvincent.be\/index.php\/notre-ecole-notre-dame-de-lourdes\/\">Notre \u00e9cole<\/a><br \/>\n<a href=\"https:\/\/lesecoleslibresdelaparoissesaintvincent.be\/index.php\/galerie-notre-dame-de-lourdes\/\">Galerie<\/a><br \/>\n<a href=\"https:\/\/lesecoleslibresdelaparoissesaintvincent.be\/index.php\/lequipe-pedagogique-notre-dame-de-lourdes\/\">L\u2019\u00e9quipe p\u00e9dagogique<\/a><br \/>\n<a href=\"https:\/\/lesecoleslibresdelaparoissesaintvincent.be\/index.php\/plan-notre-dame-de-lourdes\/\">Plan<\/a><br \/>\n<a href=\"https:\/\/lesecoleslibresdelaparoissesaintvincent.be\/index.php\/organisation-notre-dame-de-lourdes\/\">Organisation de l\u2019\u00e9cole<\/a><br \/>\n<a href=\"https:\/\/lesecoleslibresdelaparoissesaintvincent.be\/index.php\/calendrier-de-lannee-notre-dame-de-lourdes\/\">Calendrier de l\u2019ann\u00e9e<\/a><br \/>\n<a href=\"https:\/\/lesecoleslibresdelaparoissesaintvincent.be\/index.php\/category\/notre-dame-de-lourdes\/\">Le blog<\/a><br \/>\n<a href=\"https:\/\/lesecoleslibresdelaparoissesaintvincent.be\/index.php\/documents-a-telecharger-notre-dame-de-lourdes\/\">Documents \u00e0 t\u00e9l\u00e9charger<\/a><\/p>\n<p>&nbsp;<\/p>\n","protected":false},"excerpt":{"rendered":"<p>Notre \u00e9cole Galerie L\u2019\u00e9quipe p\u00e9dagogique Plan Organisation de l\u2019\u00e9cole Calendrier de l\u2019ann\u00e9e Le blog Documents \u00e0 t\u00e9l\u00e9charger &nbsp;<\/p>\n","protected":false},"author":1,"featured_media":0,"parent":0,"menu_order":2,"comment_status":"closed","ping_status":"closed","template":"","meta":{"footnotes":""},"class_list":["post-22","page","type-page","status-publish","hentry","nodate","item-wrap"],"_links":{"self":[{"href":"https:\/\/lesecoleslibresdelaparoissesaintvincent.be\/index.php\/wp-json\/wp\/v2\/pages\/22","targetHints":{"allow":["GET"]}}],"collection":[{"href":"https:\/\/lesecoleslibresdelaparoissesaintvincent.be\/index.php\/wp-json\/wp\/v2\/pages"}],"about":[{"href":"https:\/\/lesecoleslibresdelaparoissesaintvincent.be\/index.php\/wp-json\/wp\/v2\/types\/page"}],"author":[{"embeddable":true,"href":"https:\/\/lesecoleslibresdelaparoissesaintvincent.be\/index.php\/wp-json\/wp\/v2\/users\/1"}],"replies":[{"embeddable":true,"href":"https:\/\/lesecoleslibresdelaparoissesaintvincent.be\/index.php\/wp-json\/wp\/v2\/comments?post=22"}],"version-history":[{"count":4,"href":"https:\/\/lesecoleslibresdelaparoissesaintvincent.be\/index.php\/wp-json\/wp\/v2\/pages\/22\/revisions"}],"predecessor-version":[{"id":159,"href":"https:\/\/lesecoleslibresdelaparoissesaintvincent.be\/index.php\/wp-json\/wp\/v2\/pages\/22\/revisions\/159"}],"wp:attachment":[{"href":"https:\/\/lesecoleslibresdelaparoissesaintvincent.be\/index.php\/wp-json\/wp\/v2\/media?parent=22"}],"curies":[{"name":"wp","href":"https:\/\/api.w.org\/{rel}","templated":true}]}}